re the prime factors of 551967668?
2, 7, 19713131
What are the prime factors of 44357713?
44357713
What are the prime factors of 240792436?
2, 60198109
What are the prime factors of 8772598?
2, 521, 8419
What are the prime factors of 42742041?
3, 491, 29017
List the prime factors of 3219002.
2, 1609501
What are the prime factors of 1038950312?
2, 107, 383, 3169
What are the prime factors of 79759979?
13, 6135383
List the prime factors of 96959511.
3, 11, 108821
What are the prime factors of 5529103448?
2, 11, 103, 107, 5701
What are the prime factors of 15178768?
2, 11, 86243
List the prime factors of 53465363.
7, 23, 83, 4001
What are the prime factors of 168060949?
7, 1877, 12791
List the prime factors of 3223823393.
7, 31, 14856329
What are the prime factors of 4727100?
2, 3, 5, 7, 2251
List the prime factors of 1098167582.
2, 10159, 54049
What are the prime factors of 41553082?
2, 31, 670211
What are the prime factors of 315700667?
6427, 49121
What are the prime factors of 1520490303?
3, 168943367
List the prime factors of 124688341.
1723, 72367
What are the prime factors of 45656052?
2, 3, 13, 292667
List the prime factors of 80314456.
2, 29, 103, 3361
What are the prime factors of 973447558?
2, 19, 25617041
List the prime factors of 186163336.
2, 23270417
What are the prime factors of 1933258512?
2, 3, 19, 137, 15473
List the prime factors of 1654064469.
3, 59, 346111
What are the prime factors of 837412388?
2, 107, 659, 2969
What are the prime factors of 274851471?
3, 337, 271861
List the prime factors of 1703964781.
59, 28880759
List the prime factors of 36328327.
7, 5189761
What are the prime factors of 1531066227?
3, 19, 2971, 9041
List the prime factors of 2159721889.
13, 769, 216037
List the prime factors of 438441738.
2, 3, 7, 149, 70061
What are the prime factors of 1289331538?
2, 11, 58605979
List the prime factors of 579411031.
379, 1528789
List the prime factors of 67912283.
1583, 42901
What are the prime factors of 26655713?
7, 3807959
List the prime factors of 211202557.
61, 3462337
List the prime factors of 1408282588.
2, 3121, 112807
What are the prime factors of 1732101117?
3, 17, 33962767
List the prime factors of 133735019.
11, 12157729
What are the prime factors of 813485828?
2, 203371457
List the prime factors of 42612721.
23, 1852727
What are the prime factors of 2550774105?
3, 5, 11, 239, 7187
List the prime factors of 1912664682.
2, 3, 23, 43, 107441
List the prime factors of 174435038.
2, 107, 739, 1103
What are the prime factors of 14027286?
2, 3, 7, 13, 23, 1117
What are the prime factors of 221258525?
5, 2297, 3853
List the prime factors of 254888579.
11, 761, 30449
List the prime factors of 9054097.
13, 353, 1973
What are the prime factors of 33922265?
5, 13, 521881
List the prime factors of 126473946.
2, 3, 21078991
What are the prime factors of 47799963?
3, 590123
List the prime factors of 777618227.
131, 5936017
List the prime factors of 113985052.
2, 179, 397, 401
What are the prime factors of 167771997?
3, 17, 1096549
What are the prime factors of 290278213?
17, 1949, 8761
List the prime factors of 2285298346.
2, 1142649173
What are the prime factors of 47491302?
2, 3, 17, 563, 827
List the prime factors of 8267214.
2, 3, 109, 12641
List the prime factors of 189216807.
3, 13, 271, 17903
What are the prime factors of 466694759?
41, 11382799
List the prime factors of 1473704142.
2, 3, 347, 707831
List the prime factors of 246131183.
43, 1697, 3373
What are the prime factors of 135742598?
2, 59, 503, 2287
What are the prime factors of 316583935?
5, 31, 2042477
List the prime factors of 475455121.
71, 379, 17669
List the prime factors of 72146194.
2, 1217, 29641
What are the prime factors of 750893627?
11, 23, 337, 8807
What are the prime factors of 665293522?
2, 37, 2837, 3169
List the prime factors of 75946666.
2, 271, 140123
What are the prime factors of 2021768688?
2, 3, 3217, 13093
List the prime factors of 47296198.
2, 397, 59567
List the prime factors of 8465524690.
2, 5, 7, 251, 9833
What are the prime factors of 537944762?
2, 179, 1502639
List the prime factors of 11216007.
3, 11, 277, 409
List the prime factors of 55572900.
2, 3, 5, 185243
What are the prime factors of 135025517?
11, 461, 26627
List the prime factors of 16335902.
2, 11, 742541
What are the prime factors of 26167488?
2, 3, 17, 8017
List the prime factors of 163380159.
3, 71, 28409
What are the prime factors of 347450660?
2, 5, 89, 195197
What are the prime factors of 1324169412?
2, 3, 89, 13931
What are the prime factors of 278940436?
2, 59, 797, 1483
What are the prime factors of 2303553598?
2, 13421, 85819
List the prime factors of 28932916.
2, 7233229
What are the prime factors of 1278023005?
5, 7, 2861, 12763
List the prime factors of 5875533713.
7, 839361959
What are the prime factors of 211330448?
2, 7, 59, 31981
What are the prime factors of 62298338?
2, 173, 180053
What are the prime factors of 105510377?
7, 2153273
List the prime factors of 14176216.
2, 107, 16561
What are the prime factors of 311993343?
3, 101, 191, 599
List the prime factors of 187462136.
2, 1427, 16421
What are the prime factors of 14343095?
5, 13, 220663
What are the prime factors of 327470951?
327470951
List the prime factors of 784986911.
773, 1015507
What are the prime factors of 182433353?
9413, 19381
List the prime factors of 19915900.
2, 5, 79, 2521
List the prime factors of 174402503.
11, 1441343
List the prime factors of 2372036935.
5, 474407387
What are the prime factors of 3633720213?
3, 29, 89, 439, 1069
List the prime factors of 1097455667.
7, 11, 14252671
What are the prime factors of 1297891690?
2, 5, 17, 7634657
What are the prime factors of 7487449741?
7487449741
List the prime factors of 60677333.
6373, 9521
What are the prime factors of 34137231?
3, 31, 593, 619
List the prime factors of 655890775.
5, 2719, 9649
What are the prime factors of 113316203?
7, 11, 13, 17, 6659
List the prime factors of 210124748.
2, 61, 861167
What are the prime factors of 70777232?
2, 937, 4721
What are the prime factors of 76129802?
2, 7, 73, 163, 457
List the prime factors of 56095382.
2, 7, 229, 17497
What are the prime factors of 1111075302?
2, 3, 185179217
What are the prime factors of 99845561?
99845561
What are the prime factors of 3715342912?
2, 409, 141937
What are the prime factors of 86986115?
5, 23, 32887
What are the prime factors of 1229562259?
137, 1187, 7561
List the prime factors of 242890729.
4721, 51449
What are the prime factors of 4007252834?
2, 13, 41, 3759149
List the prime factors of 15892578.
2, 3, 13, 22639
List the prime factors of 1556825846.
2, 827, 941249
What are the prime factors of 889670341?
7, 127095763
List the prime factors of 407439175.
5, 11, 13, 113969
List the prime factors of 1706859780.
2, 3, 5, 79, 293, 1229
What are the prime factors of 2506205115?
3, 5, 55693447
What are the prime factors of 211460979?
3, 70486993
What are the prime factors of 81521918?
2, 2011, 20269
List the prime factors of 34240611.
3, 11413537
What are the prime factors of 170035222?
2, 7, 12145373
What are the prime factors of 80552960?
2, 5, 15733
What are the prime factors of 461507932?
2, 115376983
List the prime factors of 299590730.
2, 5, 29959073
What are the prime factors of 1064619643?
1064619643
List the prime factors of 23167148.
2, 53, 109279
What are the prime factors of 46793668?
2, 107, 109331
What are the prime factors of 422046909?
3, 167, 93601
What are the prime factors of 93264150?
2, 3, 5, 7, 12689
List the prime factors of 24121483.
3989, 6047
What are the prime factors of 918299721?
3, 557, 549551
What are the prime factors of 1904363958?
2, 3, 7, 19, 107, 22303
What are the prime factors of 171946517?
17, 10114501
What are the prime factors of 262555715?
5, 52511143
What are the prime factors of 35658322?
2, 7, 239, 10657
What are the prime factors of 71637427?
103, 695509
What are the prime factors of 56450963?
56450963
List the prime factors of 629724742.
2, 314862371
What are the prime factors of 240462245?
5, 569, 84521
What are the prime factors of 921258484?
2, 4987, 46183
List the prime factors of 124312717.
124312717
What are the prime factors of 666812032?
2, 1103, 4723
List the prime factors of 1168212